{"id":1887,"date":"2021-02-14T14:45:45","date_gmt":"2021-02-14T14:45:45","guid":{"rendered":"https:\/\/saboresaltaneiros.pt\/produto\/tabua-de-4-queijos\/"},"modified":"2024-02-26T12:53:47","modified_gmt":"2024-02-26T12:53:47","slug":"tabua-de-4-queijos","status":"publish","type":"product","link":"https:\/\/saboresaltaneiros.pt\/?product=tabua-de-4-queijos","title":{"rendered":"T\u00e1bua de 4 Queijos"},"content":{"rendered":"<p>Queijo de Cabra Sabores Altaneiros- Quantidade por por\u00e7\u00e3o por 100gr:<\/p>\n<p>Valor energ\u00e9tico 348Kcal = 1442 KJ Gorduras Totais 28,8 g Gorduras Saturadas 21,1 g Hidratos de Carbono &lt;0,5 g A\u00e7ucares &lt;0,5 g Prote\u00ednas 21,0 g Sal 2,1 g<\/p>\n<p>Queijo Ovelha Reserva Sabores Altaneiros- Quantidade por por\u00e7\u00e3o por 100gr<\/p>\n<p>Valor energ\u00e9tico 401 Kcal = 1664 KJ Gorduras Totais 33,5 g Gorduras Saturadas 22 g Hidratos de Carbono &lt;0,5 g A\u00e7ucares &lt;0,5 g Prote\u00ednas 23,4 g Sal 3,6 g<\/p>\n<p>Queijo Mistura Soalheiralves-\u00a0Declara\u00e7\u00e3o nutricional m\u00e9dia por 100gr:<br \/>\nValor Energ\u00e9tico: 1679Kj \/ 404Kcal,L\u00edpido:31g\u00a0dos quais \u00e1cidos gordos saturados: 14g,\u00a0Hidratos de Carbono: 1.39g\u00a0dos quais a\u00e7ucares: &lt;0.26g,\u00a0Prote\u00ednas: 22g,\u00a0Sal: 2,69g<\/p>\n<p>Queijo Ovelha Amanteigado Merendeiro Anast\u00e1cio-\u00a0Declara\u00e7\u00e3o nutricional m\u00e9dia por 100gr:\u00a0Valor Energ\u00e9tico: 1344Kj \/ 324Kcal,\u00a0L\u00edpido:26,4g\u00a0dos quais \u00e1cidos gordos saturados: 18g,\u00a0Hidratos de Carbono: &lt;1,0g\u00a0dos quais a\u00e7ucares: &lt;0.5g,\u00a0Prote\u00ednas: 21,6g,\u00a0Sal: 1,91g<\/p>\n<p>&nbsp;<\/p>\n","protected":false},"excerpt":{"rendered":"<p>Composto por:<\/p>\n<p>&#8211; Um Queijo de Cabra Sabores Altaneiros;<\/p>\n<p>&#8211; Um Queijo Ovelha Reserva Sabores Altaneiros;<\/p>\n<p>&#8211; Um Queijo Mistura Soalheiralves;<\/p>\n<p>&#8211; Queijo Ovelha Amanteigado Merendeiro Anast\u00e1cio.<\/p>\n","protected":false},"featured_media":1886,"comment_status":"open","ping_status":"closed","template":"","meta":{"_eb_attr":"","ocean_post_layout":"","ocean_both_sidebars_style":"","ocean_both_sidebars_content_width":0,"ocean_both_sidebars_sidebars_width":0,"ocean_sidebar":"","ocean_second_sidebar":"","ocean_disable_margins":"enable","ocean_add_body_class":"","ocean_shortcode_before_top_bar":"","ocean_shortcode_after_top_bar":"","ocean_shortcode_before_header":"","ocean_shortcode_after_header":"","ocean_has_shortcode":"","ocean_shortcode_after_title":"","ocean_shortcode_before_footer_widgets":"","ocean_shortcode_after_footer_widgets":"","ocean_shortcode_before_footer_bottom":"","ocean_shortcode_after_footer_bottom":"","ocean_display_top_bar":"default","ocean_display_header":"default","ocean_header_style":"","ocean_center_header_left_menu":"","ocean_custom_header_template":"","ocean_custom_logo":0,"ocean_custom_retina_logo":0,"ocean_custom_logo_max_width":0,"ocean_custom_logo_tablet_max_width":0,"ocean_custom_logo_mobile_max_width":0,"ocean_custom_logo_max_height":0,"ocean_custom_logo_tablet_max_height":0,"ocean_custom_logo_mobile_max_height":0,"ocean_header_custom_menu":"","ocean_menu_typo_font_family":"","ocean_menu_typo_font_subset":"","ocean_menu_typo_font_size":0,"ocean_menu_typo_font_size_tablet":0,"ocean_menu_typo_font_size_mobile":0,"ocean_menu_typo_font_size_unit":"px","ocean_menu_typo_font_weight":"","ocean_menu_typo_font_weight_tablet":"","ocean_menu_typo_font_weight_mobile":"","ocean_menu_typo_transform":"","ocean_menu_typo_transform_tablet":"","ocean_menu_typo_transform_mobile":"","ocean_menu_typo_line_height":0,"ocean_menu_typo_line_height_tablet":0,"ocean_menu_typo_line_height_mobile":0,"ocean_menu_typo_line_height_unit":"","ocean_menu_typo_spacing":0,"ocean_menu_typo_spacing_tablet":0,"ocean_menu_typo_spacing_mobile":0,"ocean_menu_typo_spacing_unit":"","ocean_menu_link_color":"","ocean_menu_link_color_hover":"","ocean_menu_link_color_active":"","ocean_menu_link_background":"","ocean_menu_link_hover_background":"","ocean_menu_link_active_background":"","ocean_menu_social_links_bg":"","ocean_menu_social_hover_links_bg":"","ocean_menu_social_links_color":"","ocean_menu_social_hover_links_color":"","ocean_disable_title":"default","ocean_disable_heading":"default","ocean_post_title":"","ocean_post_subheading":"","ocean_post_title_style":"","ocean_post_title_background_color":"","ocean_post_title_background":0,"ocean_post_title_bg_image_position":"","ocean_post_title_bg_image_attachment":"","ocean_post_title_bg_image_repeat":"","ocean_post_title_bg_image_size":"","ocean_post_title_height":0,"ocean_post_title_bg_overlay":0.5,"ocean_post_title_bg_overlay_color":"","ocean_disable_breadcrumbs":"default","ocean_breadcrumbs_color":"","ocean_breadcrumbs_separator_color":"","ocean_breadcrumbs_links_color":"","ocean_breadcrumbs_links_hover_color":"","ocean_display_footer_widgets":"default","ocean_display_footer_bottom":"default","ocean_custom_footer_template":""},"product_brand":[],"product_cat":[102],"product_tag":[],"class_list":{"0":"post-1887","1":"product","2":"type-product","3":"status-publish","4":"has-post-thumbnail","6":"product_cat-queijos","8":"entry","9":"has-media","11":"first","12":"instock","13":"shipping-taxable","14":"purchasable","15":"product-type-simple","16":"has-product-nav","17":"col","18":"span_1_of_3","19":"owp-content-center","20":"owp-thumbs-layout-horizontal","21":"owp-btn-normal","22":"owp-tabs-layout-horizontal"},"_links":{"self":[{"href":"https:\/\/saboresaltaneiros.pt\/index.php?rest_route=\/wp\/v2\/product\/1887","targetHints":{"allow":["GET"]}}],"collection":[{"href":"https:\/\/saboresaltaneiros.pt\/index.php?rest_route=\/wp\/v2\/product"}],"about":[{"href":"https:\/\/saboresaltaneiros.pt\/index.php?rest_route=\/wp\/v2\/types\/product"}],"replies":[{"embeddable":true,"href":"https:\/\/saboresaltaneiros.pt\/index.php?rest_route=%2Fwp%2Fv2%2Fcomments&post=1887"}],"version-history":[{"count":0,"href":"https:\/\/saboresaltaneiros.pt\/index.php?rest_route=\/wp\/v2\/product\/1887\/revisions"}],"wp:featuredmedia":[{"embeddable":true,"href":"https:\/\/saboresaltaneiros.pt\/index.php?rest_route=\/wp\/v2\/media\/1886"}],"wp:attachment":[{"href":"https:\/\/saboresaltaneiros.pt\/index.php?rest_route=%2Fwp%2Fv2%2Fmedia&parent=1887"}],"wp:term":[{"taxonomy":"product_brand","embeddable":true,"href":"https:\/\/saboresaltaneiros.pt\/index.php?rest_route=%2Fwp%2Fv2%2Fproduct_brand&post=1887"},{"taxonomy":"product_cat","embeddable":true,"href":"https:\/\/saboresaltaneiros.pt\/index.php?rest_route=%2Fwp%2Fv2%2Fproduct_cat&post=1887"},{"taxonomy":"product_tag","embeddable":true,"href":"https:\/\/saboresaltaneiros.pt\/index.php?rest_route=%2Fwp%2Fv2%2Fproduct_tag&post=1887"}],"curies":[{"name":"wp","href":"https:\/\/api.w.org\/{rel}","templated":true}]}}